?
7
What is the ten thousands digit of 8066617?
6
What is the thousands digit of 740935?
0
What is the ten thousands digit of 11571568?
7
What is the tens digit of 516968?
6
What is the ten thousands digit of 891449?
9
What is the tens digit of 1888430?
3
What is the thousands digit of 275077?
5
What is the thousands digit of 289160?
9
What is the tens digit of 7315472?
7
What is the tens digit of 2879757?
5
What is the tens digit of 393715?
1
What is the hundred thousands digit of 518417?
5
What is the units digit of 6954?
4
What is the units digit of 174496?
6
What is the units digit of 368900?
0
What is the units digit of 439510?
0
What is the hundreds digit of 1298647?
6
What is the thousands digit of 588605?
8
What is the ten millions digit of 13090416?
1
What is the units digit of 200118?
8
What is the tens digit of 18277999?
9
What is the tens digit of 2128372?
7
What is the millions digit of 3247425?
3
What is the hundreds digit of 576843?
8
What is the ten thousands digit of 213342?
1
What is the hundreds digit of 1314827?
8
What is the thousands digit of 538888?
8
What is the hundred thousands digit of 1136819?
1
What is the millions digit of 15572230?
5
What is the units digit of 221041?
1
What is the units digit of 3806646?
6
What is the hundreds digit of 7639416?
4
What is the tens digit of 94922?
2
What is the tens digit of 200789?
8
What is the ten thousands digit of 7094777?
9
What is the units digit of 2135889?
9
What is the hundred thousands digit of 1229840?
2
What is the units digit of 4211526?
6
What is the units digit of 39358594?
4
What is the tens digit of 8529205?
0
What is the tens digit of 242255?
5
What is the hundreds digit of 42051?
0
What is the tens digit of 3157527?
2
What is the units digit of 499668?
8
What is the hundreds digit of 184709?
7
What is the hundreds digit of 14991?
9
What is the units digit of 544833?
3
What is the thousands digit of 678004?
8
What is the thousands digit of 1225691?
5
What is the units digit of 13837820?
0
What is the tens digit of 1221364?
6
What is the units digit of 128293?
3
What is the ten thousands digit of 1243604?
4
What is the hundreds digit of 1425?
4
What is the units digit of 4586890?
0
What is the thousands digit of 4354350?
4
What is the hundreds digit of 5532821?
8
What is the ten thousands digit of 1871042?
7
What is the hundreds digit of 280843?
8
What is the hundred thousands digit of 609846?
6
What is the tens digit of 654338?
3
What is the ten millions digit of 16073268?
1
What is the tens digit of 33239997?
9
What is the tens digit of 2172362?
6
What is the thousands digit of 425285?
5
What is the tens digit of 3931240?
4
What is the hundreds digit of 4626490?
4
What is the hundreds digit of 1334279?
2
What is the hundred thousands digit of 243754?
2
What is the millions digit of 1528054?
1
What is the hundred thousands digit of 2391627?
3
What is the ten thousands digit of 6110167?
1
What is the hundreds digit of 102926?
9
What is the tens digit of 5336979?
7
What is the hundred thousands digit of 692357?
6
What is the hundred thousands digit of 975492?
9
What is the ten thousands digit of 9150811?
5
What is the units digit of 815291?
1
What is the hundreds digit of 364945?
9
What is the ten thousands digit of 3122542?
2
What is the hundred thousands digit of 335579?
3
What is the units digit of 572937?
7
What is the hundred thousands digit of 6472409?
4
What is the units digit of 876594?
4
What is the tens digit of 402690?
9
What is the hundreds digit of 1604252?
2
What is the ten thousands digit of 2488572?
8
What is the hundreds digit of 208883?
8
What is the hundred thousands digit of 383034?
3
What is the thousands digit of 7140953?
0
What is the thousands digit of 1258721?
8
What is the units digit of 27667386?
6
What is the hundred thousands digit of 729106?
7
What is the thousands digit of 1663120?
3
What is the tens digit of 4331438?
3
What is the hundred thousands digit of 2952255?
9
What is the hundreds digit of 637734?
7
What is the hundreds digit of 959631?
6
What is the units digit of 871416?
6
What is the millions digit of 1004639?
1
What is the tens digit of 158328?
2
What is the hundreds digit of 422947?
9
What is the thousands digit of 4196964?
6
What is the hundred thousands digit of 2107864?
1
What is the ten thousands digit of 8771566?
7
What is the tens digit of 21828129?
2
What is the ten thousands digit of 53003?
5
What is the units digit of 4219491?
1
What is the thousands digit of 3494860?
4
What is the hundreds digit of 244915?
9
What is the units digit of 314065?
5
What is the hundred thousands digit of 5850516?
8
What is the hundreds digit of 337426?
4
What is the ten thousands digit of 357593?
5
What is the millions digit of 5051093?
5
What is the units digit of 24403102?
2
What is the tens digit of 21858066?
6
What is the tens digit of 921168?
6
What is the ten thousands digit of 340752?
4
What is the hundred thousands digit of 345143?
3
What is the ten thousands digit of 147483?
4
What is the hundreds digit of 8208492?
4
What is the units digit of 182253?
3
What is the ten thousands digit of 375176?
7
What is the units digit of 94228?
8
What is the millions digit of 1869710?
1
What is the ten thousands digit of 908623?
0
What is the millions digit of 1879725?
1
What is the hundred thousands digit of 1770901?
7
What is the hundred thousands digit of 182919?
1
What is the hundreds digit of 457625?
6
What is the thousands digit of 2459063?
9
What is the hundred thousands digit of 258420?
2
What is the units digit of 190757?
7
What is the tens digit of 152255?
5
What is the thousands digit of 271203?
1
What is the tens digit of 814863?
6
What is the hundreds digit of 955574?
5
What is the thousands digit of 5681433?
1
What is the tens digit of 1959990?
9
What is the units digit of 1468693?
3
What is the ten thousands digit of 161111?
6
What is the hundred thousands digit of 455468?
4
What is the hundreds digit of 172750?
7
What is the units digit of 4755?
5
What is the hundred thousands digit of 2089146?
0
What is the ten thousands digit of 384609?
8
What is the millions digit of 4625652?
4
What is the hundreds digit of 1408772?
7
What is the hundred thousands digit of 864289?
8
What is the thousands digit of 1264914?
4
What is the ten thousands digit of 1600135?
0
What is the hundreds digit of 635948?
9
What is the ten thousands digit of 424425?
2
What is the ten thousands digit of 3158863?
5
What is the ten thousands digit of 633655?
3
What is the millions digit of 12360482?
2
What is the tens digit of 5827519?
1
What is the hundred thousands digit of 2068149?
0
What is the ten thousands digit of 167260?
6
What is the hundred thousands digit of 5006722?
0
What is the millions digit of 3055072?
3
What is the thousands digit of 98134?
8
What is the millions digit of 7964018?
7
What is the hundred thousands digit of 15782311?
7
What is the millions digit of 1032296?
1
What is the hundreds digit of 965917?
9
What is the hundred thousands digit of 242276?
2
What is the units digit of 99361?
1
What is the ten thousands digit of 581663?
8
What is the millions digit of 24308462?
4
What is the tens digit of 16012814?
1
What is the ten thousands digit of 742696?
4
What is the tens digit of 214972?
7
What is the hundred thousands digit of 371277?
3
What is the thousands digit of 499324?
9
What is the hundred thousands digit of 271785?
2
What is the hundred thousands digit of 3453544?
4
What is the hundreds digit of 36388879?
8
What is the tens digit of 39670001?
0
What is the units digit of 48364?
4
What is the units digit of 761929?
9
What is the hundred thousands digit of 229513?
2
What is the tens digit of 197544?
4
What is the units digit of 13295950?
0
What is the units digit of 3020140?
0
What is the millions digit of 1687709?
1
What is the hundred thousands digit of 20907838?
9
What is the ten thousands digit of 385476?
8
What is the hundreds digit of 91354?
3
What is the hundred thousands digit of 593416?
5
What is the units digit of 7703932?
2
What is the hundred thousands digit of 34228118?
2
What is the ten thousands digit of 799597?
9
What is the hundreds digit of 903323?
3
What is the units digit of 1786514?
4
What is the